remainder when 97 is divided by r(-10)?
22
Suppose -s + 12 = 2*s. What is the remainder when (-11)/55 + 36/5 is divided by s?
3
Let s = 7 + 66. Calculate the remainder when s is divided by 25.
23
Suppose 4*a - 188 = -68. What is the remainder when 58 is divided by a?
28
Suppose 2*t - 14 = -0*t. Let w = t - -3. What is the remainder when w is divided by 6?
4
Let o = -10 - -26. What is the remainder when (10/15)/((-4)/(-174)) is divided by o?
13
Suppose 89 = 4*t - 19. What is the remainder when t is divided by 14?
13
Let p = 1 + -1. Suppose 0*l = 4*l - 5*k - 34, p = -4*l + 2*k + 40. Suppose -2*s + s = -l. Calculate the remainder when 41 is divided by s.
8
Let d(a) = 4*a**3 + 2*a**2 - a. Let y be d(1). Suppose -3*w = y + 4. What is the remainder when 17 is divided by 2 + w + 3 - -7?
8
Suppose 24 = 4*n - 4*h, 0 = -5*n - h + 4*h + 32. Let w = n + 10. What is the remainder when w is divided by 10?
7
Let i(z) be the second derivative of 11*z**4/12 + z**2 + 2*z. Suppose 2 = h + 4. What is the remainder when i(h) is divided by 16?
14
Suppose 6*w - w + 382 = 2*r, 5*w = r - 181. Let i = r - -96. Suppose 5*x - i = -112. What is the remainder when x is divided by 13?
11
Let z be (1 + 1 + -3)*116. Let t = 163 + z. Suppose -2*s + 33 = d + 3*s, 0 = -3*d - 2*s + t. Calculate the remainder when d is divided by 5.
3
Suppose -2*j - 3*t - 57 = j, 5*t = -20. Calculate the remainder when 49 is divided by j/(1 + -2) + 2.
15
Suppose -2*r + 0*a = a - 11, r - 19 = -5*a. Suppose -4*l = -r*i + 8, -2*l = -5*l - 4*i + 15. Calculate the remainder when 2 is divided by l.
0
Let z = 6 + 4. Let p = z + -6. Suppose 28 = h + 4*f, h - p*f + 4 + 8 = 0. Calculate the remainder when 14 is divided by h.
6
Let z = 2 - 2. Let b = 2 - z. What is the remainder when 19*-2*(-1)/b is divided by 7?
5
Let v = -364 - -383. What is the remainder when (-1)/4 - (-602)/8 is divided by v?
18
Let h(c) = -c**3 + 7*c**2 + 13*c - 9. What is the remainder when 59 is divided by h(8)?
28
Suppose 0 = -5*l - b - 155, -b - 3*b - 31 = l. Let i = 66 + l. Suppose -2*f + 3 = -33. Calculate the remainder when i is divided by f.
17
Suppose 0*m = -2*m + 12. Suppose -s + m = s, v = s + 25. What is the remainder when v is divided by (-28)/(-3) + (-2)/(-3)?
8
Let i = 28 + 0. What is the remainder when i is divided by 16?
12
Let g(p) = 3*p**2 - 4*p + 2. Calculate the remainder when 51 is divided by g(2).
3
Suppose -3*p + 134 = -p + 3*h, 4*p - 286 = 3*h. Let k = p + -47. What is the remainder when k is divided by (-1 + 5)*(2 + 0)?
7
Suppose -33 = -2*n + 5. What is the remainder when 74 is divided by n?
17
Suppose 0 = -4*b - 3*h + 60, b - 4*b + h = -45. Calculate the remainder when 42 is divided by b.
12
Let x = 1 + 1. Let y = 4 - x. Calculate the remainder when 6 is divided by y.
0
Let g = 42 - 14. Let c(b) = -b**3 + 9*b**2 + b + 1. Calculate the remainder when g is divided by c(9).
8
Let r = 10 + -6. Let a(o) = o**3 - 2*o**2 - 5*o + 2. What is the remainder when a(r) is divided by (16/(-6))/(2/(-6))?
6
Suppose 0 = -2*m - 4*p - 2, 3*m = -2*m - 2*p - 5. Let r = 2 + m. Suppose 3*q - 13 = -r. What is the remainder when 6 is divided by q?
2
Let y(o) = o + 7. Let b = 7 + -3. What is the remainder when y(b) is divided by 7?
4
Let x(f) = -f**3 - 4*f**2 - 5*f. Calculate the remainder when x(-6) is divided by 26.
24
Let n be (-1 - (0 + -1))/(-1). Suppose 4*m = -5*s + 61, 2*m - 8 + n = 0. What is the remainder when 26 is divided by s?
8
Calculate the remainder when 2/3*(15 - 9) is divided by 3.
1
Calculate the remainder when 38 is divided by (10/(-4)*8)/(-1).
18
Let m = -152 - -179. What is the remainder when m is divided by 5?
2
Let t(d) = -d**3 + 7*d**2 + 7*d - 10. Let f be t(8). Let r = 29 + f. Calculate the remainder when 43 is divided by r.
10
Let k(z) = 5*z**2 - 2*z - 3. Let m be k(3). Suppose 2*t = f + 21, 2*t + 3*t + 3*f = m. Calculate the remainder when (-1596)/(-95) - 1/(-10)*2 is divided by t.
8
Suppose -39 = -u - 30. Calculate the remainder when 42 is divided by u.
6
Suppose -4*n = 5 + 15. Let x(j) = -j**3 - 6*j**2 - 5*j + 1. Suppose -1 = g - 2*g. Calculate the remainder when x(n) is divided by g.
0
Let k(s) = -s**2 - 12*s + 22. What is the remainder when k(-11) is divided by 7?
5
Let c(k) = 10*k - 3. What is the remainder when c(6) is divided by 15?
12
Suppose -3*u + 215 = 2*u. What is the remainder when u is divided by 15?
13
Suppose -65 = -5*k - 5*l + 120, 178 = 5*k - 2*l. Calculate the remainder when k is divided by 15.
6
Let o(c) = 2*c**2 - c + 1. Suppose -3*q = 2*m - 3, -4*m - 22 + 7 = -q. What is the remainder when q is divided by o(1)?
1
Let w(g) = g**3 + 7*g**2 - 6*g - 5. Calculate the remainder when 106 is divided by w(-7).
32
Let q = 2 + -2. Let d = 1 + 11. Let c = q + d. Calculate the remainder when 22 is divided by c.
10
Let g(j) = j**2 - 3*j. Let x be g(3). Suppose x = -0*n - 4*n. Suppose 17 = y - n*y. What is the remainder when 50 is divided by y?
16
Suppose -2 + 8 = 2*u. Let z(i) = i**3 - i**2 - 3*i - 4. Let l be z(u). Suppose 0 = l*f - 2*f - 87. Calculate the remainder when f is divided by 10.
9
Suppose -3*q - 2*u = 1, 10 = -2*q + 4*u - 3*u. Let r = q + 15. Calculate the remainder when (24/10)/(r/160) is divided by 11.
10
Suppose 0 = v + 2*v - 6, -s + v = -10. Let y = -6 + s. What is the remainder when 212/12 - (-4)/(-6) is divided by y?
5
Suppose -51 = 2*n + 5*d, n - 3*d + 29 = -2*d. Let l = n - -46. What is the remainder when 33 is divided by l?
15
Calculate the remainder when ((-108)/3)/9 - (1 - 57) is divided by 53/3 + (-1)/(-3).
16
Let t(b) = b + 8. What is the remainder when 16 is divided by t(4)?
4
Suppose -4*l + 11 + 48 = -r, 0 = 4*l - 5*r - 71. Let q(n) = -n**3 + 3*n**2 + 3*n - 4. What is the remainder when l is divided by q(3)?
4
Let m(h) be the first derivative of 7*h**5/60 + h**4/12 - h**3/3 + 1. Let y(r) be the third derivative of m(r). What is the remainder when y(2) is divided by 8?
6
Let c(f) = -57*f + 1. Calculate the remainder when c(-1) is divided by 30.
28
Suppose -44 = -0*f - 2*f. Suppose -7*v + z = -2*v + 4, 5*z + 3 = 2*v. Let w = 7 - v. Calculate the remainder when f is divided by w.
6
Let m(f) = 4*f + 10. Suppose u - 5 = -l + 1, 0 = l - u - 8. What is the remainder when m(l) is divided by 20?
18
Suppose 0 = 2*p - 3*p + 4*y - 1, 3*p + 4*y = 45. Let t = -7 + 10. What is the remainder when 94/t - (-2)/3 is divided by p?
10
Let t = -39 + 58. Let m(s) = s**2 - 7*s - 4. What is the remainder when m(-5) is divided by t?
18
Suppose -351 = 2*h - 5*h. Suppose -4*f - 4*u + 240 = 0, 2*f - 4*u - h = -3*u. What is the remainder when f is divided by 20?
19
Let q(s) = s**2 + 26*s + 54. Calculate the remainder when 16 is divided by q(-24).
4
Suppose 53 = 5*l + 13. Calculate the remainder when l is divided by 3.
2
Suppose -6*v = -13 - 125. Calculate the remainder when 66 is divided by v.
20
Let u(r) = 5*r - 33. Calculate the remainder when u(13) is divided by 15.
2
Suppose -6*h + 3*h = -15. Calculate the remainder when 24 is divided by h.
4
Suppose -4*v = 5*g + 12, -g - g = 5*v + 15. Suppose g = -n + 3 + 3. Suppose 2*p = n*p - 44. Calculate the remainder when 43 is divided by p.
10
Suppose 0 = 2*s - 5*u + 5, 3*s - s - 3*u - 5 = 0. What is the remainder when 39 is divided by s?
9
Suppose 3*f + 5*q = 358, f + 3*f - 520 = 4*q. What is the remainder when f is divided by 43?
40
Let k(u) be the first derivative of 4*u - 1 + 1/3*u**3 + 0*u**2. Calculate the remainder when k(-5) is divided by 15.
14
Suppose 2*j = -2*j + 52. What is the remainder when 37 is divided by j?
11
Let k = -7 + 8. Calculate the remainder when (56 - 3) + k + 1 is divided by 19.
17
Suppose -47 = -4*c + 1. What is the remainder when 56 is divided by c?
8
Let m(y) = y**2 + 13*y + 7. What is the remainder when 27 is divided by m(-13)?
6
Let w(b) = b**3 + 3*b**2 - 4*b. Let l be w(-4). Suppose -2*o + 22 = -l*o. What is the remainder when 19 is divided by o?
8
Let p(g) = 23*g - 22. Suppose -2*q = -4*q - 3*b + 134, 0 = -5*q + 5*b + 360. Calculate the remainder when q is divided by p(2).
22
Calculate the remainder when 8 is divided by ((14 - 17) + (0 - -2))*-2.
0
Suppose 7*x - 162 = -2*x. Calculate the remainder when 70 is divided by x.
16
Suppose 3*d = -0*r + r + 31, -3*d + 5*r + 35 = 0. Suppose d = 2*x - x. What is the remainder when